{"id":9,"date":"2023-01-14T13:33:57","date_gmt":"2023-01-14T13:33:57","guid":{"rendered":"https:\/\/meditrafes.wordpress.com\/home\/"},"modified":"2024-01-08T16:33:26","modified_gmt":"2024-01-08T16:33:26","slug":"inicio","status":"publish","type":"page","link":"https:\/\/meditraf.es\/","title":{"rendered":"Principal"},"content":{"rendered":"\n<div class=\"wp-block-cover alignfull is-light is-repeated has-border-color has-white-border-color\" style=\"margin-top:0px;padding-top:0px;padding-right:16px;padding-bottom:16px;padding-left:16px\"><span aria-hidden=\"true\" class=\"wp-block-cover__background has-foreground-background-color has-background-dim-0 has-background-dim\"><\/span><div role=\"img\" class=\"wp-block-cover__image-background wp-image-225 is-repeated\" style=\"background-position:50% 50%;background-image:url(https:\/\/meditraf.es\/wp-content\/uploads\/2024\/01\/logo-con-letras-2-scaled.jpg)\"><\/div><div class=\"wp-block-cover__inner-container is-layout-flow wp-block-cover-is-layout-flow\">\n<div class=\"wp-block-jetpack-send-a-message\">\n<div class=\"wp-block-jetpack-whatsapp-button aligncenter is-color-dark\"><a class=\"whatsapp-block__button\" href=\"https:\/\/api.whatsapp.com\/send?phone=34679872619&amp;text=En%20unos%20segundos%20estamos%20contigo%2C%20estamos%20prepar%C3%A1ndolo%20todo...\" style=\"background-color:#25D366;color:#fff\" target=\"_self\" rel=\"noopener noreferrer\">\u00bfHas tenido un accidente?<br>Te atendemos en WhatsApp<\/a><\/div>\n<\/div>\n<\/div><\/div>\n\n\n\n<div class=\"wp-block-group is-layout-flow wp-block-group-is-layout-flow\" style=\"margin-top:60px;margin-bottom:60px\">\n<h2 class=\"wp-block-heading has-text-align-center\"><strong>Sobre Nosotros<\/strong><\/h2>\n\n\n\n<p class=\"has-text-align-center\">Debido al gran crecimiento demogr\u00e1fico de las ciudades y con la reciente incorporaci\u00f3n a las v\u00edas p\u00fablicas de distintos tipos de veh\u00edculos, el n\u00famero de accidentes de tr\u00e1fico ha ido creciendo constantemente en los \u00faltimos a\u00f1os. <\/p>\n\n\n\n<p>Con la tendencia creciente, tanto las compa\u00f1\u00edas de seguro como los mismos accidentados se ven obligados a recurrir a la sanidad privada, para poder ofrecer a los accidentados una recuperaci\u00f3n m\u00e1s \u00e1gil, y se desarrollan distintas empresas dirigidas a dar tratamientos espec\u00edficamente a lesionados de tr\u00e1fico. \u00bfCu\u00e1les son las empresas a las que pueden acudir los lesionados?, \u00bfQu\u00e9 costes tienen?, \u00bfC\u00f3mo realizar los tratamientos y donde? <\/p>\n\n\n\n<p>Meditraf, nace para poder ofrecer a todos los lesionados de tr\u00e1fico la soluci\u00f3n integral:<\/p>\n\n\n\n<ul class=\"wp-block-list\">\n<li>Atenci\u00f3n directa al lesionado.<\/li>\n\n\n\n<li>Selecci\u00f3n del centro por tipo de lesi\u00f3n y cercan\u00eda.<\/li>\n\n\n\n<li>Gesti\u00f3n de Tratamiento Gratuito para el accidentado.<\/li>\n\n\n\n<li>Informaci\u00f3n y asesoramiento durante el tratamiento y tras el mismo.<\/li>\n<\/ul>\n\n\n\n<p>En definitiva unificamos todos los puntos para que el accidentado pueda resolver todo el proceso ante una sola figura: Meditraf<\/p>\n<\/div>\n\n\n\n<div class=\"wp-block-group alignwide has-global-padding is-layout-constrained wp-container-core-group-is-layout-111b2e00 wp-block-group-is-layout-constrained\">\n<div class=\"wp-block-media-text alignwide is-stacked-on-mobile is-image-fill has-white-background-color has-background\"><figure class=\"wp-block-media-text__media\" style=\"background-image:url(https:\/\/meditraf.es\/wp-content\/uploads\/2023\/12\/HLA-Universitario-Unidad-accidentes-trafico-1024x683.jpg);background-position:50% 50%\"><img loading=\"lazy\" decoding=\"async\" width=\"1024\" height=\"683\" src=\"https:\/\/meditraf.es\/wp-content\/uploads\/2023\/12\/HLA-Universitario-Unidad-accidentes-trafico-1024x683.jpg\" alt=\"\" class=\"wp-image-161 size-full\" srcset=\"https:\/\/meditraf.es\/wp-content\/uploads\/2023\/12\/HLA-Universitario-Unidad-accidentes-trafico-1024x683.jpg 1024w, https:\/\/meditraf.es\/wp-content\/uploads\/2023\/12\/HLA-Universitario-Unidad-accidentes-trafico-300x200.jpg 300w, https:\/\/meditraf.es\/wp-content\/uploads\/2023\/12\/HLA-Universitario-Unidad-accidentes-trafico.jpg 1500w\" sizes=\"auto, (max-width: 1024px) 100vw, 1024px\" \/><\/figure><div class=\"wp-block-media-text__content\">\n<div class=\"wp-block-group is-layout-flow wp-block-group-is-layout-flow\" style=\"padding-top:20%;padding-bottom:20%\">\n<h2 class=\"wp-block-heading\">Centros<\/h2>\n\n\n\n<p>Tenemos concertados los mejores centros, especializados en tratamientos integrales a lesionados. Repartidos por todo el territorio espa\u00f1ol, te realizamos todos los tramites para que puedas acceder de forma gratuita a estos centros y te realicen el tratamiento lo antes posible para t\u00fa pronta rehabilitaci\u00f3n.<\/p>\n\n\n\n<div class=\"wp-block-buttons is-content-justification-left is-layout-flex wp-container-core-buttons-is-layout-fc4fd283 wp-block-buttons-is-layout-flex\">\n<div class=\"wp-block-button has-custom-font-size has-normal-font-size\"><a class=\"wp-block-button__link wp-element-button\" href=\"#\" target=\"_blank\" rel=\"noreferrer noopener\">Listado de centros<\/a><\/div>\n<\/div>\n<\/div>\n<\/div><\/div>\n\n\n\n<div class=\"wp-block-media-text alignwide has-media-on-the-right is-stacked-on-mobile is-image-fill has-white-background-color has-background\"><div class=\"wp-block-media-text__content\">\n<div class=\"wp-block-group is-layout-flow wp-block-group-is-layout-flow\" style=\"padding-top:20%;padding-bottom:20%\">\n<h2 class=\"wp-block-heading\">Medios<\/h2>\n\n\n\n<p>La tecnolog\u00eda esta presente en nuestro d\u00eda a d\u00eda, en nuestros tratamientos no pod\u00eda ser menos. Por ello los centros cuentan con las mejores maquinas. Por ello conseguimos los mejores dict\u00e1menes m\u00e9dicos y los mejores resultados en tu recuperaci\u00f3n.<\/p>\n\n\n\n<div class=\"wp-block-buttons is-content-justification-left is-layout-flex wp-container-core-buttons-is-layout-fc4fd283 wp-block-buttons-is-layout-flex\"><\/div>\n<\/div>\n<\/div><figure class=\"wp-block-media-text__media\" style=\"background-image:url(https:\/\/meditraf.es\/wp-content\/uploads\/2023\/12\/foto7-1024x683.jpg);background-position:74% 51%\"><img loading=\"lazy\" decoding=\"async\" width=\"1024\" height=\"683\" src=\"https:\/\/meditraf.es\/wp-content\/uploads\/2023\/12\/foto7-1024x683.jpg\" alt=\"\" class=\"wp-image-193 size-full\" srcset=\"https:\/\/meditraf.es\/wp-content\/uploads\/2023\/12\/foto7-1024x683.jpg 1024w, https:\/\/meditraf.es\/wp-content\/uploads\/2023\/12\/foto7-300x200.jpg 300w, https:\/\/meditraf.es\/wp-content\/uploads\/2023\/12\/foto7.jpg 1920w\" sizes=\"auto, (max-width: 1024px) 100vw, 1024px\" \/><\/figure><\/div>\n\n\n\n<div class=\"wp-block-media-text alignwide is-stacked-on-mobile is-image-fill has-white-background-color has-background\"><figure class=\"wp-block-media-text__media\" style=\"background-image:url(https:\/\/meditraf.es\/wp-content\/uploads\/2023\/12\/aumenta-el-numero-de-muertos-en-accidentes-de-trafico-en-la-ue-y-peligran-los-objetivos-marcados-1024x589.jpeg);background-position:66% 48%\"><img loading=\"lazy\" decoding=\"async\" width=\"1024\" height=\"589\" src=\"https:\/\/meditraf.es\/wp-content\/uploads\/2023\/12\/aumenta-el-numero-de-muertos-en-accidentes-de-trafico-en-la-ue-y-peligran-los-objetivos-marcados-1024x589.jpeg\" alt=\"\" class=\"wp-image-188 size-full\" srcset=\"https:\/\/meditraf.es\/wp-content\/uploads\/2023\/12\/aumenta-el-numero-de-muertos-en-accidentes-de-trafico-en-la-ue-y-peligran-los-objetivos-marcados-1024x589.jpeg 1024w, https:\/\/meditraf.es\/wp-content\/uploads\/2023\/12\/aumenta-el-numero-de-muertos-en-accidentes-de-trafico-en-la-ue-y-peligran-los-objetivos-marcados-300x173.jpeg 300w, https:\/\/meditraf.es\/wp-content\/uploads\/2023\/12\/aumenta-el-numero-de-muertos-en-accidentes-de-trafico-en-la-ue-y-peligran-los-objetivos-marcados.jpeg 1200w\" sizes=\"auto, (max-width: 1024px) 100vw, 1024px\" \/><\/figure><div class=\"wp-block-media-text__content\">\n<div class=\"wp-block-group is-layout-flow wp-block-group-is-layout-flow\" style=\"padding-top:20%;padding-bottom:20%\">\n<h2 class=\"wp-block-heading\">Servicios<\/h2>\n\n\n\n<p>Ofrecemos la gesti\u00f3n integral del lesionado. Nuestros lesionados son atendidos durante todo el tratamiento, y la experiencia y resultado de nuestros pacientes es reflejo de nuestro crecimiento constante. Cada d\u00eda son m\u00e1s los lesionados de tr\u00e1fico que nos recomiendan a familiares y amigos para tratar sus lesiones.<\/p>\n\n\n\n<div class=\"wp-block-buttons is-content-justification-left is-layout-flex wp-container-core-buttons-is-layout-fc4fd283 wp-block-buttons-is-layout-flex\">\n<div class=\"wp-block-button has-custom-font-size has-normal-font-size\"><a class=\"wp-block-button__link wp-element-button\" href=\"#\">\u00bfHas tenido un accidente?<\/a><\/div>\n<\/div>\n<\/div>\n<\/div><\/div>\n<\/div>\n\n\n\n<div style=\"height:60px\" aria-hidden=\"true\" class=\"wp-block-spacer\"><\/div>\n","protected":false},"excerpt":{"rendered":"<p>Sobre Nosotros Debido al gran crecimiento demogr\u00e1fico de las ciudades y con la reciente incorporaci\u00f3n a las v\u00edas p\u00fablicas de distintos tipos de veh\u00edculos, el n\u00famero de accidentes de tr\u00e1fico ha ido creciendo constantemente en los \u00faltimos a\u00f1os. Con la tendencia creciente, tanto las compa\u00f1\u00edas de seguro como los mismos accidentados se ven obligados a &hellip; <\/p>\n<p class=\"link-more\"><a href=\"https:\/\/meditraf.es\/\" class=\"more-link\">Leer m\u00e1s<span class=\"screen-reader-text\"> \u00abPrincipal\u00bb<\/span><\/a><\/p>\n","protected":false},"author":1,"featured_media":214,"parent":0,"menu_order":1,"comment_status":"closed","ping_status":"closed","template":"","meta":{"footnotes":""},"class_list":["post-9","page","type-page","status-publish","has-post-thumbnail","hentry"],"jetpack_sharing_enabled":false,"_links":{"self":[{"href":"https:\/\/meditraf.es\/index.php\/wp-json\/wp\/v2\/pages\/9","targetHints":{"allow":["GET"]}}],"collection":[{"href":"https:\/\/meditraf.es\/index.php\/wp-json\/wp\/v2\/pages"}],"about":[{"href":"https:\/\/meditraf.es\/index.php\/wp-json\/wp\/v2\/types\/page"}],"author":[{"embeddable":true,"href":"https:\/\/meditraf.es\/index.php\/wp-json\/wp\/v2\/users\/1"}],"replies":[{"embeddable":true,"href":"https:\/\/meditraf.es\/index.php\/wp-json\/wp\/v2\/comments?post=9"}],"version-history":[{"count":29,"href":"https:\/\/meditraf.es\/index.php\/wp-json\/wp\/v2\/pages\/9\/revisions"}],"predecessor-version":[{"id":228,"href":"https:\/\/meditraf.es\/index.php\/wp-json\/wp\/v2\/pages\/9\/revisions\/228"}],"wp:featuredmedia":[{"embeddable":true,"href":"https:\/\/meditraf.es\/index.php\/wp-json\/wp\/v2\/media\/214"}],"wp:attachment":[{"href":"https:\/\/meditraf.es\/index.php\/wp-json\/wp\/v2\/media?parent=9"}],"curies":[{"name":"wp","href":"https:\/\/api.w.org\/{rel}","templated":true}]}}